{"id":59,"date":"2013-09-04T14:53:22","date_gmt":"2013-09-04T13:53:22","guid":{"rendered":"http:\/\/jbpastoretfils.mc\/?page_id=59"},"modified":"2023-09-28T06:52:40","modified_gmt":"2023-09-28T05:52:40","slug":"histoire","status":"publish","type":"page","link":"https:\/\/jbpastoretfils.mc\/?page_id=59","title":{"rendered":"Histoire"},"content":{"rendered":"<h3>Le Nom PASTOR est indissociable<br \/>\ndu rayonnement international de Monaco\u2026<\/h3>\n<p>L\u2019Histoire a d\u00e9but\u00e9 il y a plus d\u2019un si\u00e8cle, lorsque Jean-Baptiste PASTOR, Ma\u00e7on de profession, quitta son pays natal, l\u2019Italie, pour travailler \u00e0 Monaco. Il cr\u00e9a en 1920 sa propre entreprise de B\u00e2timent, J.B. PASTOR &amp; FILS, entit\u00e9 qui s\u2019est vue confier la r\u00e9alisation du Stade de la Principaut\u00e9 par le Prince Louis II, d\u00e9marr\u00e9e en 1936, dont la forme est reprise dans le logotype de la S.A.M. des Entreprises J.B. PASTOR &amp; FILS. C\u2019est \u00e0 partir de ce chantier phare que se sont construits peu \u00e0 peu le savoir-faire, la notori\u00e9t\u00e9 de la Famille PASTOR, fruit du travail acharn\u00e9 d\u2019une dynastie de b\u00e2tisseurs, dont le savoir-faire indiscutable et la passion du B\u00e2timent ont \u00e9t\u00e9 transmis de P\u00e8re en fils depuis quatre g\u00e9n\u00e9rations. En effet, Gildo et Jean PASTOR, fils de Jean-Baptiste, ont assur\u00e9 la rel\u00e8ve\u00a0; la g\u00e9n\u00e9ration suivante constitu\u00e9e d\u2019un trio indissociable, \u00e0 savoir Victor J.B., Edmond\u00a0et Jean-Antoine PASTOR ont poursuivi sans rel\u00e2che dans ce noble m\u00e9tier.<\/p>\n<h3>De nombreuses r\u00e9alisations embl\u00e9matiques\u2026<\/h3>\n<p>Au fil des d\u00e9cennies, la qualit\u00e9 des r\u00e9alisations de la S.A.M. des Entreprises J.B. PASTOR &amp; FILS\u00a0ne s\u2019est jamais d\u00e9mentie. Les constructions prestigieuses et hautement symboliques se sont succ\u00e9d\u00e9es, telles que\u00a0:<\/p>\n<ul>\n<li>La mise en souterrain de la voie ferr\u00e9e pour permettre \u00e0 Monte-Carlo de disposer d\u2019un acc\u00e8s sans entrave \u00e0 la Mer.<\/li>\n<li>Des immeubles de standing dans l\u2019ensemble de la Principaut\u00e9 et notamment en front de mer au Larvotto, sur la noble Avenue Princesse Grace : \u00ab\u00a0Le Beach Plaza\u00a0\u00bb &#8211; l&rsquo;actuel h\u00f4tel \u00ab Le\u00a0M\u00e9ridien\u00a0\u00bb, \u00ab\u00a0le Bahia\u00a0\u00bb, \u00ab\u00a0l&rsquo;Estoril\u00a0\u00bb, \u00ab\u00a0le Formentor\u00a0\u00bb, \u00ab\u00a0Le Roccabella\u00a0\u00bb\u2026<\/li>\n<li>Le \u00ab\u00a0Sporting d&rsquo;Et\u00e9\u00a0\u00bb en 1973 et son incroyable dispositif de toit ouvrant.<\/li>\n<\/ul>\n<p>&nbsp;<\/p>\n<p>La S.A.M. des Entreprises J.B. PASTOR &amp; FILS est actuellement dirig\u00e9e par Patrice PASTOR, Arri\u00e8re Petit-Fils de Jean-Baptiste, entit\u00e9 du GROUPE PASTOR qui intervient dans de nombreux secteurs d\u2019activit\u00e9s en Principaut\u00e9 et \u00e0 l\u2019International, \u00e0 savoir principalement : <a title=\"Construction\" href=\"https:\/\/jbpastoretfils.mc\/?page_id=393\">Construction<\/a>, <a title=\"Promotion Immobili\u00e8re\" href=\"https:\/\/jbpastoretfils.mc\/?page_id=391\" target=\"_self\" rel=\"noopener\">Promotion Immobili\u00e8re<\/a>, <a title=\"Immobilier\" href=\"https:\/\/jbpastoretfils.mc\/?page_id=35\" target=\"_self\" rel=\"noopener\">Immobilier.<\/a><\/p>\n","protected":false},"excerpt":{"rendered":"<p>Le Nom PASTOR est indissociable du rayonnement international de Monaco\u2026 L\u2019Histoire a d\u00e9but\u00e9 il y a plus d\u2019un si\u00e8cle, lorsque Jean-Baptiste PASTOR, Ma\u00e7on de profession, quitta son pays natal, l\u2019Italie,&#8230;<\/p>\n","protected":false},"author":1,"featured_media":0,"parent":4,"menu_order":6,"comment_status":"open","ping_status":"closed","template":"template-entreprise.php","meta":{"_acf_changed":false,"footnotes":""},"categories":[],"class_list":["post-59","page","type-page","status-publish","hentry"],"acf":[],"yoast_head":"<!-- This site is optimized with the Yoast SEO plugin v25.5 - https:\/\/yoast.com\/wordpress\/plugins\/seo\/ -->\n<title>Histoire - JB Pastor &amp; Fils - Monaco<\/title>\n<meta name=\"robots\" content=\"index, follow, max-snippet:-1, max-image-preview:large, max-video-preview:-1\" \/>\n<link rel=\"canonical\" href=\"https:\/\/jbpastoretfils.mc\/?page_id=59\" \/>\n<meta property=\"og:locale\" content=\"fr_FR\" \/>\n<meta property=\"og:type\" content=\"article\" \/>\n<meta property=\"og:title\" content=\"Histoire - JB Pastor &amp; Fils - Monaco\" \/>\n<meta property=\"og:description\" content=\"Le Nom PASTOR est indissociable du rayonnement international de Monaco\u2026 L\u2019Histoire a d\u00e9but\u00e9 il y a plus d\u2019un si\u00e8cle, lorsque Jean-Baptiste PASTOR, Ma\u00e7on de profession, quitta son pays natal, l\u2019Italie,...\" \/>\n<meta property=\"og:url\" content=\"https:\/\/jbpastoretfils.mc\/?page_id=59\" \/>\n<meta property=\"og:site_name\" content=\"JB Pastor &amp; Fils - Monaco\" \/>\n<meta property=\"article:modified_time\" content=\"2023-09-28T05:52:40+00:00\" \/>\n<meta name=\"twitter:label1\" content=\"Dur\u00e9e de lecture estim\u00e9e\" \/>\n\t<meta name=\"twitter:data1\" content=\"2 minutes\" \/>\n<script type=\"application\/ld+json\" class=\"yoast-schema-graph\">{\"@context\":\"https:\/\/schema.org\",\"@graph\":[{\"@type\":\"WebPage\",\"@id\":\"https:\/\/jbpastoretfils.mc\/?page_id=59\",\"url\":\"https:\/\/jbpastoretfils.mc\/?page_id=59\",\"name\":\"Histoire - JB Pastor &amp; Fils - Monaco\",\"isPartOf\":{\"@id\":\"https:\/\/jbpastoretfils.mc\/#website\"},\"datePublished\":\"2013-09-04T13:53:22+00:00\",\"dateModified\":\"2023-09-28T05:52:40+00:00\",\"breadcrumb\":{\"@id\":\"https:\/\/jbpastoretfils.mc\/?page_id=59#breadcrumb\"},\"inLanguage\":\"fr-FR\",\"potentialAction\":[{\"@type\":\"ReadAction\",\"target\":[\"https:\/\/jbpastoretfils.mc\/?page_id=59\"]}]},{\"@type\":\"BreadcrumbList\",\"@id\":\"https:\/\/jbpastoretfils.mc\/?page_id=59#breadcrumb\",\"itemListElement\":[{\"@type\":\"ListItem\",\"position\":1,\"name\":\"Accueil\",\"item\":\"https:\/\/jbpastoretfils.mc\/\"},{\"@type\":\"ListItem\",\"position\":2,\"name\":\"Nos Entreprises\",\"item\":\"https:\/\/jbpastoretfils.mc\/?page_id=4\"},{\"@type\":\"ListItem\",\"position\":3,\"name\":\"Histoire\"}]},{\"@type\":\"WebSite\",\"@id\":\"https:\/\/jbpastoretfils.mc\/#website\",\"url\":\"https:\/\/jbpastoretfils.mc\/\",\"name\":\"JB Pastor &amp; Fils - Monaco\",\"description\":\"Construction Monaco\",\"potentialAction\":[{\"@type\":\"SearchAction\",\"target\":{\"@type\":\"EntryPoint\",\"urlTemplate\":\"https:\/\/jbpastoretfils.mc\/?s={search_term_string}\"},\"query-input\":{\"@type\":\"PropertyValueSpecification\",\"valueRequired\":true,\"valueName\":\"search_term_string\"}}],\"inLanguage\":\"fr-FR\"}]}<\/script>\n<!-- \/ Yoast SEO plugin. -->","yoast_head_json":{"title":"Histoire - JB Pastor &amp; Fils - Monaco","robots":{"index":"index","follow":"follow","max-snippet":"max-snippet:-1","max-image-preview":"max-image-preview:large","max-video-preview":"max-video-preview:-1"},"canonical":"https:\/\/jbpastoretfils.mc\/?page_id=59","og_locale":"fr_FR","og_type":"article","og_title":"Histoire - JB Pastor &amp; Fils - Monaco","og_description":"Le Nom PASTOR est indissociable du rayonnement international de Monaco\u2026 L\u2019Histoire a d\u00e9but\u00e9 il y a plus d\u2019un si\u00e8cle, lorsque Jean-Baptiste PASTOR, Ma\u00e7on de profession, quitta son pays natal, l\u2019Italie,...","og_url":"https:\/\/jbpastoretfils.mc\/?page_id=59","og_site_name":"JB Pastor &amp; Fils - Monaco","article_modified_time":"2023-09-28T05:52:40+00:00","twitter_misc":{"Dur\u00e9e de lecture estim\u00e9e":"2 minutes"},"schema":{"@context":"https:\/\/schema.org","@graph":[{"@type":"WebPage","@id":"https:\/\/jbpastoretfils.mc\/?page_id=59","url":"https:\/\/jbpastoretfils.mc\/?page_id=59","name":"Histoire - JB Pastor &amp; Fils - Monaco","isPartOf":{"@id":"https:\/\/jbpastoretfils.mc\/#website"},"datePublished":"2013-09-04T13:53:22+00:00","dateModified":"2023-09-28T05:52:40+00:00","breadcrumb":{"@id":"https:\/\/jbpastoretfils.mc\/?page_id=59#breadcrumb"},"inLanguage":"fr-FR","potentialAction":[{"@type":"ReadAction","target":["https:\/\/jbpastoretfils.mc\/?page_id=59"]}]},{"@type":"BreadcrumbList","@id":"https:\/\/jbpastoretfils.mc\/?page_id=59#breadcrumb","itemListElement":[{"@type":"ListItem","position":1,"name":"Accueil","item":"https:\/\/jbpastoretfils.mc\/"},{"@type":"ListItem","position":2,"name":"Nos Entreprises","item":"https:\/\/jbpastoretfils.mc\/?page_id=4"},{"@type":"ListItem","position":3,"name":"Histoire"}]},{"@type":"WebSite","@id":"https:\/\/jbpastoretfils.mc\/#website","url":"https:\/\/jbpastoretfils.mc\/","name":"JB Pastor &amp; Fils - Monaco","description":"Construction Monaco","potentialAction":[{"@type":"SearchAction","target":{"@type":"EntryPoint","urlTemplate":"https:\/\/jbpastoretfils.mc\/?s={search_term_string}"},"query-input":{"@type":"PropertyValueSpecification","valueRequired":true,"valueName":"search_term_string"}}],"inLanguage":"fr-FR"}]}},"_links":{"self":[{"href":"https:\/\/jbpastoretfils.mc\/index.php?rest_route=\/wp\/v2\/pages\/59"}],"collection":[{"href":"https:\/\/jbpastoretfils.mc\/index.php?rest_route=\/wp\/v2\/pages"}],"about":[{"href":"https:\/\/jbpastoretfils.mc\/index.php?rest_route=\/wp\/v2\/types\/page"}],"author":[{"embeddable":true,"href":"https:\/\/jbpastoretfils.mc\/index.php?rest_route=\/wp\/v2\/users\/1"}],"replies":[{"embeddable":true,"href":"https:\/\/jbpastoretfils.mc\/index.php?rest_route=%2Fwp%2Fv2%2Fcomments&post=59"}],"version-history":[{"count":2,"href":"https:\/\/jbpastoretfils.mc\/index.php?rest_route=\/wp\/v2\/pages\/59\/revisions"}],"predecessor-version":[{"id":44805,"href":"https:\/\/jbpastoretfils.mc\/index.php?rest_route=\/wp\/v2\/pages\/59\/revisions\/44805"}],"up":[{"embeddable":true,"href":"https:\/\/jbpastoretfils.mc\/index.php?rest_route=\/wp\/v2\/pages\/4"}],"wp:attachment":[{"href":"https:\/\/jbpastoretfils.mc\/index.php?rest_route=%2Fwp%2Fv2%2Fmedia&parent=59"}],"wp:term":[{"taxonomy":"category","embeddable":true,"href":"https:\/\/jbpastoretfils.mc\/index.php?rest_route=%2Fwp%2Fv2%2Fcategories&post=59"}],"curies":[{"name":"wp","href":"https:\/\/api.w.org\/{rel}","templated":true}]}}