{"id":5832,"date":"2015-02-23T16:14:33","date_gmt":"2015-02-23T15:14:33","guid":{"rendered":"http:\/\/jbpastoretfils.mc\/?page_id=5832"},"modified":"2026-03-25T14:20:12","modified_gmt":"2026-03-25T13:20:12","slug":"accueil-2","status":"publish","type":"page","link":"https:\/\/jbpastoretfils.mc\/?page_id=5832&lang=ru","title":{"rendered":"Accueil"},"content":{"rendered":"<h3>S.A.M. J.B. PASTOR &amp; Fils : Entreprises de Construction \u00e0 Monaco<\/h3>\n<p><strong>Implant\u00e9e \u00e0 Monaco depuis plus d&rsquo;un si\u00e8cle<\/strong>, regroupe 10<strong>\u00a0<\/strong><b><a title=\"Nos Enseignes\" href=\"https:\/\/jbpastoretfils.mc\/?page_id=57\"> enseignes et soci\u00e9t\u00e9s <\/a><strong><a title=\"Nos Enseignes\" href=\"https:\/\/jbpastoretfils.mc\/?page_id=57\">intervenant dans l\u2019ensemble des domaines d\u2019activit\u00e9s du B\u00e2timent<\/a> :<\/strong><\/b> <a title=\"Promotion immobili\u00e8re\" href=\"https:\/\/jbpastoretfils.mc\/?page_id=391\">Promotion Immobili\u00e8re<\/a>, <a title=\"Ma\u00eetrise d\u2019ouvrage d\u00e9l\u00e9gu\u00e9e\" href=\"https:\/\/jbpastoretfils.mc\/?page_id=395\">Ma\u00eetrise d\u2019Ouvrage D\u00e9l\u00e9gu\u00e9e<\/a>, <a title=\"Construction\" href=\"https:\/\/jbpastoretfils.mc\/?page_id=393\">Construction<\/a>, <a title=\"Travaux publics\" href=\"https:\/\/jbpastoretfils.mc\/?page_id=397\">Travaux Publics et Priv\u00e9s<\/a>, <a title=\"R\u00e9habilitation\" href=\"https:\/\/jbpastoretfils.mc\/?page_id=399\">R\u00e9habilitation<\/a>, <a title=\"Travaux maritimes et sous-marins\" href=\"https:\/\/jbpastoretfils.mc\/?page_id=12155\">Travaux maritimes et sous-marins<\/a>\u2026 emploie <strong>975 collaborateurs<\/strong> <b>en CDI <\/b>; r\u00e9alise un <strong>Chiffre d\u2019Affaires annuel total <\/strong> <strong>en Principaut\u00e9 <\/strong><strong>de 211.50 millions d\u2019euros <\/strong><strong>incluant ses diff\u00e9rentes entit\u00e9s, <\/strong>dont 158.10 millions d&rsquo;euros pour la seule entreprise J.B. PASTOR &amp; FILS,<strong> en travaux hors <a title=\"Promotion immobili\u00e8re\" href=\"https:\/\/jbpastoretfils.mc\/?page_id=391\">promotions immobili\u00e8res <\/a><\/strong>et compte \u00e0 son actif plus de <a title=\"R\u00e9alisations\" href=\"https:\/\/jbpastoretfils.mc\/?page_id=19\"><strong>100 r\u00e9alisations<\/strong> <\/a><b>de haut standing<\/b> <strong>sur le Territoire Mon\u00e9gasque depuis 1997<\/strong>, soit sur les vingt derni\u00e8res ann\u00e9es d\u2019activit\u00e9 ; <strong>le nombre de ses r\u00e9f\u00e9rences depuis son origine \u00e9tant bien sup\u00e9rieur.<\/strong> <strong>Sur la seule ann\u00e9e 2025, 11 permis de construire<\/strong> ont \u00e9t\u00e9 d\u00e9pos\u00e9s pour le compte de Soci\u00e9t\u00e9s de son Groupe ou de Clients priv\u00e9s. Faites plus ample connaissance avec la S.A.M. des Entreprises J.B. PASTOR &amp; FILS et <a title=\"L\u2019Equipe\" href=\"https:\/\/jbpastoretfils.mc\/?page_id=415\">l\u2019\u00c9quipe <\/a>derri\u00e8re sa r\u00e9ussite\u00a0!<\/p>\n","protected":false},"excerpt":{"rendered":"<p>S.A.M. J.B. PASTOR &amp; Fils : Entreprises de Construction \u00e0 Monaco Implant\u00e9e \u00e0 Monaco depuis plus d&rsquo;un si\u00e8cle, regroupe 10\u00a0 enseignes et soci\u00e9t\u00e9s intervenant dans l\u2019ensemble des domaines d\u2019activit\u00e9s du&#8230;<\/p>\n","protected":false},"author":1,"featured_media":0,"parent":0,"menu_order":1,"comment_status":"open","ping_status":"closed","template":"template-accueil.php","meta":{"_acf_changed":false,"footnotes":""},"categories":[],"class_list":["post-5832","page","type-page","status-publish","hentry"],"acf":[],"yoast_head":"<!-- This site is optimized with the Yoast SEO plugin v25.5 - https:\/\/yoast.com\/wordpress\/plugins\/seo\/ -->\n<title>J.B. PASTOR &amp; Fils - Construction et Constructeur \u00e0 Monaco -<\/title>\n<meta name=\"description\" content=\"J.B. PASTOR &amp; Fils Monaco : Promotion Immobili\u00e8re, Ma\u00eetrise d\u2019Ouvrage D\u00e9l\u00e9gu\u00e9e, Construction, Travaux Publics, R\u00e9habilitation, R\u00e9novation.\" \/>\n<meta name=\"robots\" content=\"index, follow, max-snippet:-1, max-image-preview:large, max-video-preview:-1\" \/>\n<link rel=\"canonical\" href=\"https:\/\/jbpastoretfils.mc\/?lang=ru\" \/>\n<meta property=\"og:locale\" content=\"fr_FR\" \/>\n<meta property=\"og:type\" content=\"article\" \/>\n<meta property=\"og:title\" content=\"J.B. PASTOR &amp; Fils - Construction et Constructeur \u00e0 Monaco -\" \/>\n<meta property=\"og:description\" content=\"J.B. PASTOR &amp; Fils Monaco : Promotion Immobili\u00e8re, Ma\u00eetrise d\u2019Ouvrage D\u00e9l\u00e9gu\u00e9e, Construction, Travaux Publics, R\u00e9habilitation, R\u00e9novation.\" \/>\n<meta property=\"og:url\" content=\"https:\/\/jbpastoretfils.mc\/?lang=ru\" \/>\n<meta property=\"og:site_name\" content=\"JB Pastor &amp; Fils - Monaco\" \/>\n<meta property=\"article:modified_time\" content=\"2026-03-25T13:20:12+00:00\" \/>\n<meta name=\"twitter:label1\" content=\"Dur\u00e9e de lecture estim\u00e9e\" \/>\n\t<meta name=\"twitter:data1\" content=\"1 minute\" \/>\n<script type=\"application\/ld+json\" class=\"yoast-schema-graph\">{\"@context\":\"https:\/\/schema.org\",\"@graph\":[{\"@type\":\"WebPage\",\"@id\":\"https:\/\/jbpastoretfils.mc\/?lang=ru\",\"url\":\"https:\/\/jbpastoretfils.mc\/?lang=ru\",\"name\":\"J.B. PASTOR & Fils - Construction et Constructeur \u00e0 Monaco -\",\"isPartOf\":{\"@id\":\"https:\/\/jbpastoretfils.mc\/#website\"},\"datePublished\":\"2015-02-23T15:14:33+00:00\",\"dateModified\":\"2026-03-25T13:20:12+00:00\",\"description\":\"J.B. PASTOR & Fils Monaco : Promotion Immobili\u00e8re, Ma\u00eetrise d\u2019Ouvrage D\u00e9l\u00e9gu\u00e9e, Construction, Travaux Publics, R\u00e9habilitation, R\u00e9novation.\",\"breadcrumb\":{\"@id\":\"https:\/\/jbpastoretfils.mc\/?lang=ru#breadcrumb\"},\"inLanguage\":\"fr-FR\",\"potentialAction\":[{\"@type\":\"ReadAction\",\"target\":[\"https:\/\/jbpastoretfils.mc\/?lang=ru\"]}]},{\"@type\":\"BreadcrumbList\",\"@id\":\"https:\/\/jbpastoretfils.mc\/?lang=ru#breadcrumb\",\"itemListElement\":[{\"@type\":\"ListItem\",\"position\":1,\"name\":\"Accueil\",\"item\":\"https:\/\/jbpastoretfils.mc\/\"},{\"@type\":\"ListItem\",\"position\":2,\"name\":\"Accueil\"}]},{\"@type\":\"WebSite\",\"@id\":\"https:\/\/jbpastoretfils.mc\/#website\",\"url\":\"https:\/\/jbpastoretfils.mc\/\",\"name\":\"JB Pastor &amp; Fils - Monaco\",\"description\":\"Construction Monaco\",\"potentialAction\":[{\"@type\":\"SearchAction\",\"target\":{\"@type\":\"EntryPoint\",\"urlTemplate\":\"https:\/\/jbpastoretfils.mc\/?s={search_term_string}\"},\"query-input\":{\"@type\":\"PropertyValueSpecification\",\"valueRequired\":true,\"valueName\":\"search_term_string\"}}],\"inLanguage\":\"fr-FR\"}]}<\/script>\n<!-- \/ Yoast SEO plugin. -->","yoast_head_json":{"title":"J.B. PASTOR & Fils - Construction et Constructeur \u00e0 Monaco -","description":"J.B. PASTOR & Fils Monaco : Promotion Immobili\u00e8re, Ma\u00eetrise d\u2019Ouvrage D\u00e9l\u00e9gu\u00e9e, Construction, Travaux Publics, R\u00e9habilitation, R\u00e9novation.","robots":{"index":"index","follow":"follow","max-snippet":"max-snippet:-1","max-image-preview":"max-image-preview:large","max-video-preview":"max-video-preview:-1"},"canonical":"https:\/\/jbpastoretfils.mc\/?lang=ru","og_locale":"fr_FR","og_type":"article","og_title":"J.B. PASTOR & Fils - Construction et Constructeur \u00e0 Monaco -","og_description":"J.B. PASTOR & Fils Monaco : Promotion Immobili\u00e8re, Ma\u00eetrise d\u2019Ouvrage D\u00e9l\u00e9gu\u00e9e, Construction, Travaux Publics, R\u00e9habilitation, R\u00e9novation.","og_url":"https:\/\/jbpastoretfils.mc\/?lang=ru","og_site_name":"JB Pastor &amp; Fils - Monaco","article_modified_time":"2026-03-25T13:20:12+00:00","twitter_misc":{"Dur\u00e9e de lecture estim\u00e9e":"1 minute"},"schema":{"@context":"https:\/\/schema.org","@graph":[{"@type":"WebPage","@id":"https:\/\/jbpastoretfils.mc\/?lang=ru","url":"https:\/\/jbpastoretfils.mc\/?lang=ru","name":"J.B. PASTOR & Fils - Construction et Constructeur \u00e0 Monaco -","isPartOf":{"@id":"https:\/\/jbpastoretfils.mc\/#website"},"datePublished":"2015-02-23T15:14:33+00:00","dateModified":"2026-03-25T13:20:12+00:00","description":"J.B. PASTOR & Fils Monaco : Promotion Immobili\u00e8re, Ma\u00eetrise d\u2019Ouvrage D\u00e9l\u00e9gu\u00e9e, Construction, Travaux Publics, R\u00e9habilitation, R\u00e9novation.","breadcrumb":{"@id":"https:\/\/jbpastoretfils.mc\/?lang=ru#breadcrumb"},"inLanguage":"fr-FR","potentialAction":[{"@type":"ReadAction","target":["https:\/\/jbpastoretfils.mc\/?lang=ru"]}]},{"@type":"BreadcrumbList","@id":"https:\/\/jbpastoretfils.mc\/?lang=ru#breadcrumb","itemListElement":[{"@type":"ListItem","position":1,"name":"Accueil","item":"https:\/\/jbpastoretfils.mc\/"},{"@type":"ListItem","position":2,"name":"Accueil"}]},{"@type":"WebSite","@id":"https:\/\/jbpastoretfils.mc\/#website","url":"https:\/\/jbpastoretfils.mc\/","name":"JB Pastor &amp; Fils - Monaco","description":"Construction Monaco","potentialAction":[{"@type":"SearchAction","target":{"@type":"EntryPoint","urlTemplate":"https:\/\/jbpastoretfils.mc\/?s={search_term_string}"},"query-input":{"@type":"PropertyValueSpecification","valueRequired":true,"valueName":"search_term_string"}}],"inLanguage":"fr-FR"}]}},"_links":{"self":[{"href":"https:\/\/jbpastoretfils.mc\/index.php?rest_route=\/wp\/v2\/pages\/5832"}],"collection":[{"href":"https:\/\/jbpastoretfils.mc\/index.php?rest_route=\/wp\/v2\/pages"}],"about":[{"href":"https:\/\/jbpastoretfils.mc\/index.php?rest_route=\/wp\/v2\/types\/page"}],"author":[{"embeddable":true,"href":"https:\/\/jbpastoretfils.mc\/index.php?rest_route=\/wp\/v2\/users\/1"}],"replies":[{"embeddable":true,"href":"https:\/\/jbpastoretfils.mc\/index.php?rest_route=%2Fwp%2Fv2%2Fcomments&post=5832"}],"version-history":[{"count":17,"href":"https:\/\/jbpastoretfils.mc\/index.php?rest_route=\/wp\/v2\/pages\/5832\/revisions"}],"predecessor-version":[{"id":50408,"href":"https:\/\/jbpastoretfils.mc\/index.php?rest_route=\/wp\/v2\/pages\/5832\/revisions\/50408"}],"wp:attachment":[{"href":"https:\/\/jbpastoretfils.mc\/index.php?rest_route=%2Fwp%2Fv2%2Fmedia&parent=5832"}],"wp:term":[{"taxonomy":"category","embeddable":true,"href":"https:\/\/jbpastoretfils.mc\/index.php?rest_route=%2Fwp%2Fv2%2Fcategories&post=5832"}],"curies":[{"name":"wp","href":"https:\/\/api.w.org\/{rel}","templated":true}]}}