{"id":456,"date":"2013-12-18T14:16:50","date_gmt":"2013-12-18T13:16:50","guid":{"rendered":"http:\/\/jbpastoretfils.mc\/?page_id=456"},"modified":"2017-06-15T15:04:43","modified_gmt":"2017-06-15T14:04:43","slug":"ferronnerie","status":"publish","type":"page","link":"https:\/\/jbpastoretfils.mc\/?page_id=456","title":{"rendered":"Ferronnerie"},"content":{"rendered":"<h1>Ferronnerie \u00e0 Monaco<\/h1>\n<p>J.B.PASTOR &amp; FILS met au service de vos exigences ses solides connaissances en mati\u00e8re de Ferronnerie principalement r\u00e9alis\u00e9e traditionnellement \u00e0 la forge par nos Compagnons sp\u00e9cialis\u00e9s dans nos Ateliers. Les assemblages et finitions seront les plus discrets possibles. Nous utilisons des sections pleines afin d\u2019assurer la durabilit\u00e9 dans le temps de nos cr\u00e9ations.<\/p>\n<p>Nous pouvons fabriquer de nombreux \u00e9l\u00e9ments de D\u00e9coration ou d\u2019Ornement tels que\u00a0: Garde corps de balcon, Cl\u00f4tures de Jardin, Pergolas, Marquises, Rampes d\u2019escaliers, Verri\u00e8res, Tonnelles, Portails de Style Traditionnel ou Contemporain. Enfin, nous sommes \u00e9galement en mesure de r\u00e9nover vos ouvrages en Fer forg\u00e9 ou selon les cas de les reproduire \u00e0 l\u2019identique pour une harmonisation optimale.<\/p>\n","protected":false},"excerpt":{"rendered":"<p>Ferronnerie \u00e0 Monaco J.B.PASTOR &amp; FILS met au service de vos exigences ses solides connaissances en mati\u00e8re de Ferronnerie principalement r\u00e9alis\u00e9e traditionnellement \u00e0 la forge par nos Compagnons sp\u00e9cialis\u00e9s dans&#8230;<\/p>\n","protected":false},"author":1,"featured_media":0,"parent":51,"menu_order":51,"comment_status":"open","ping_status":"closed","template":"template-metiers.php","meta":{"_acf_changed":false,"footnotes":""},"categories":[],"class_list":["post-456","page","type-page","status-publish","hentry"],"acf":[],"yoast_head":"<!-- This site is optimized with the Yoast SEO plugin v25.5 - https:\/\/yoast.com\/wordpress\/plugins\/seo\/ -->\n<title>Ferronnerie  - JB Pastor &amp; Fils - Monaco<\/title>\n<meta name=\"robots\" content=\"index, follow, max-snippet:-1, max-image-preview:large, max-video-preview:-1\" \/>\n<link rel=\"canonical\" href=\"https:\/\/jbpastoretfils.mc\/?page_id=456\" \/>\n<meta property=\"og:locale\" content=\"fr_FR\" \/>\n<meta property=\"og:type\" content=\"article\" \/>\n<meta property=\"og:title\" content=\"Ferronnerie  - JB Pastor &amp; Fils - Monaco\" \/>\n<meta property=\"og:description\" content=\"Ferronnerie \u00e0 Monaco J.B.PASTOR &amp; FILS met au service de vos exigences ses solides connaissances en mati\u00e8re de Ferronnerie principalement r\u00e9alis\u00e9e traditionnellement \u00e0 la forge par nos Compagnons sp\u00e9cialis\u00e9s dans...\" \/>\n<meta property=\"og:url\" content=\"https:\/\/jbpastoretfils.mc\/?page_id=456\" \/>\n<meta property=\"og:site_name\" content=\"JB Pastor &amp; Fils - Monaco\" \/>\n<meta property=\"article:modified_time\" content=\"2017-06-15T14:04:43+00:00\" \/>\n<meta name=\"twitter:label1\" content=\"Dur\u00e9e de lecture estim\u00e9e\" \/>\n\t<meta name=\"twitter:data1\" content=\"1 minute\" \/>\n<script type=\"application\/ld+json\" class=\"yoast-schema-graph\">{\"@context\":\"https:\/\/schema.org\",\"@graph\":[{\"@type\":\"WebPage\",\"@id\":\"https:\/\/jbpastoretfils.mc\/?page_id=456\",\"url\":\"https:\/\/jbpastoretfils.mc\/?page_id=456\",\"name\":\"Ferronnerie - JB Pastor &amp; Fils - Monaco\",\"isPartOf\":{\"@id\":\"https:\/\/jbpastoretfils.mc\/#website\"},\"datePublished\":\"2013-12-18T13:16:50+00:00\",\"dateModified\":\"2017-06-15T14:04:43+00:00\",\"breadcrumb\":{\"@id\":\"https:\/\/jbpastoretfils.mc\/?page_id=456#breadcrumb\"},\"inLanguage\":\"fr-FR\",\"potentialAction\":[{\"@type\":\"ReadAction\",\"target\":[\"https:\/\/jbpastoretfils.mc\/?page_id=456\"]}]},{\"@type\":\"BreadcrumbList\",\"@id\":\"https:\/\/jbpastoretfils.mc\/?page_id=456#breadcrumb\",\"itemListElement\":[{\"@type\":\"ListItem\",\"position\":1,\"name\":\"Accueil\",\"item\":\"https:\/\/jbpastoretfils.mc\/\"},{\"@type\":\"ListItem\",\"position\":2,\"name\":\"M\u00e9tiers\",\"item\":\"https:\/\/jbpastoretfils.mc\/?page_id=8\"},{\"@type\":\"ListItem\",\"position\":3,\"name\":\"M\u00e9tiers d&rsquo;art\",\"item\":\"https:\/\/jbpastoretfils.mc\/?page_id=51\"},{\"@type\":\"ListItem\",\"position\":4,\"name\":\"Ferronnerie\"}]},{\"@type\":\"WebSite\",\"@id\":\"https:\/\/jbpastoretfils.mc\/#website\",\"url\":\"https:\/\/jbpastoretfils.mc\/\",\"name\":\"JB Pastor &amp; Fils - Monaco\",\"description\":\"Construction Monaco\",\"potentialAction\":[{\"@type\":\"SearchAction\",\"target\":{\"@type\":\"EntryPoint\",\"urlTemplate\":\"https:\/\/jbpastoretfils.mc\/?s={search_term_string}\"},\"query-input\":{\"@type\":\"PropertyValueSpecification\",\"valueRequired\":true,\"valueName\":\"search_term_string\"}}],\"inLanguage\":\"fr-FR\"}]}<\/script>\n<!-- \/ Yoast SEO plugin. -->","yoast_head_json":{"title":"Ferronnerie  - JB Pastor &amp; Fils - Monaco","robots":{"index":"index","follow":"follow","max-snippet":"max-snippet:-1","max-image-preview":"max-image-preview:large","max-video-preview":"max-video-preview:-1"},"canonical":"https:\/\/jbpastoretfils.mc\/?page_id=456","og_locale":"fr_FR","og_type":"article","og_title":"Ferronnerie  - JB Pastor &amp; Fils - Monaco","og_description":"Ferronnerie \u00e0 Monaco J.B.PASTOR &amp; FILS met au service de vos exigences ses solides connaissances en mati\u00e8re de Ferronnerie principalement r\u00e9alis\u00e9e traditionnellement \u00e0 la forge par nos Compagnons sp\u00e9cialis\u00e9s dans...","og_url":"https:\/\/jbpastoretfils.mc\/?page_id=456","og_site_name":"JB Pastor &amp; Fils - Monaco","article_modified_time":"2017-06-15T14:04:43+00:00","twitter_misc":{"Dur\u00e9e de lecture estim\u00e9e":"1 minute"},"schema":{"@context":"https:\/\/schema.org","@graph":[{"@type":"WebPage","@id":"https:\/\/jbpastoretfils.mc\/?page_id=456","url":"https:\/\/jbpastoretfils.mc\/?page_id=456","name":"Ferronnerie - JB Pastor &amp; Fils - Monaco","isPartOf":{"@id":"https:\/\/jbpastoretfils.mc\/#website"},"datePublished":"2013-12-18T13:16:50+00:00","dateModified":"2017-06-15T14:04:43+00:00","breadcrumb":{"@id":"https:\/\/jbpastoretfils.mc\/?page_id=456#breadcrumb"},"inLanguage":"fr-FR","potentialAction":[{"@type":"ReadAction","target":["https:\/\/jbpastoretfils.mc\/?page_id=456"]}]},{"@type":"BreadcrumbList","@id":"https:\/\/jbpastoretfils.mc\/?page_id=456#breadcrumb","itemListElement":[{"@type":"ListItem","position":1,"name":"Accueil","item":"https:\/\/jbpastoretfils.mc\/"},{"@type":"ListItem","position":2,"name":"M\u00e9tiers","item":"https:\/\/jbpastoretfils.mc\/?page_id=8"},{"@type":"ListItem","position":3,"name":"M\u00e9tiers d&rsquo;art","item":"https:\/\/jbpastoretfils.mc\/?page_id=51"},{"@type":"ListItem","position":4,"name":"Ferronnerie"}]},{"@type":"WebSite","@id":"https:\/\/jbpastoretfils.mc\/#website","url":"https:\/\/jbpastoretfils.mc\/","name":"JB Pastor &amp; Fils - Monaco","description":"Construction Monaco","potentialAction":[{"@type":"SearchAction","target":{"@type":"EntryPoint","urlTemplate":"https:\/\/jbpastoretfils.mc\/?s={search_term_string}"},"query-input":{"@type":"PropertyValueSpecification","valueRequired":true,"valueName":"search_term_string"}}],"inLanguage":"fr-FR"}]}},"_links":{"self":[{"href":"https:\/\/jbpastoretfils.mc\/index.php?rest_route=\/wp\/v2\/pages\/456"}],"collection":[{"href":"https:\/\/jbpastoretfils.mc\/index.php?rest_route=\/wp\/v2\/pages"}],"about":[{"href":"https:\/\/jbpastoretfils.mc\/index.php?rest_route=\/wp\/v2\/types\/page"}],"author":[{"embeddable":true,"href":"https:\/\/jbpastoretfils.mc\/index.php?rest_route=\/wp\/v2\/users\/1"}],"replies":[{"embeddable":true,"href":"https:\/\/jbpastoretfils.mc\/index.php?rest_route=%2Fwp%2Fv2%2Fcomments&post=456"}],"version-history":[{"count":0,"href":"https:\/\/jbpastoretfils.mc\/index.php?rest_route=\/wp\/v2\/pages\/456\/revisions"}],"up":[{"embeddable":true,"href":"https:\/\/jbpastoretfils.mc\/index.php?rest_route=\/wp\/v2\/pages\/51"}],"wp:attachment":[{"href":"https:\/\/jbpastoretfils.mc\/index.php?rest_route=%2Fwp%2Fv2%2Fmedia&parent=456"}],"wp:term":[{"taxonomy":"category","embeddable":true,"href":"https:\/\/jbpastoretfils.mc\/index.php?rest_route=%2Fwp%2Fv2%2Fcategories&post=456"}],"curies":[{"name":"wp","href":"https:\/\/api.w.org\/{rel}","templated":true}]}}