{"id":397,"date":"2013-12-17T09:39:07","date_gmt":"2013-12-17T08:39:07","guid":{"rendered":"http:\/\/jbpastoretfils.mc\/?page_id=397"},"modified":"2023-03-14T08:34:17","modified_gmt":"2023-03-14T07:34:17","slug":"travaux-publics","status":"publish","type":"page","link":"https:\/\/jbpastoretfils.mc\/?page_id=397","title":{"rendered":"Travaux publics"},"content":{"rendered":"<h1 style=\"text-align: left;\"><span style=\"font-size: 12pt;\">Entreprise de Travaux Publics \u00e0 Monaco<\/span><\/h1>\n<p><strong>Les Travaux Publics repr\u00e9sentent une part importante de l\u2019activit\u00e9 de la S.A.M. des Entreprises J.B. PASTOR &amp; FILS depuis sa cr\u00e9ation<\/strong>, au travers de la r\u00e9alisation de nombreuses op\u00e9rations de tailles tr\u00e8s vari\u00e9es, allant de l\u2019intervention d\u2019urgence jusqu\u2019\u00e0 la construction d\u2019ouvrages structurant l\u2019am\u00e9nagement du territoire Mon\u00e9gasque, en passant par les travaux de renforcement ou r\u00e9paration d\u2019ouvrages existants.<\/p>\n<p><strong>La S.A.M. des Entreprises J.B. PASTOR &amp; FILS a men\u00e9 \u00e0 bien pour le Gouvernement Princier de multiples chantiers<\/strong>, et notamment, ces derni\u00e8res ann\u00e9es\u00a0:<\/p>\n<ul>\n<li>Le parking souterrain du \u00ab\u00a0<a title=\"undefinedSquare Gastaud\" href=\"http:\/\/jbpastoretfils.mc\/?chantier=parking-square-gastaud\" target=\"_self\" rel=\"noopener\">Square Gastaud<\/a>\u00a0\u00bb.<\/li>\n<li>Plusieurs tron\u00e7ons de la \u00ab\u00a0<a title=\"undefinedDorsale\" href=\"http:\/\/jbpastoretfils.mc\/?chantier=car-ensemble-g\" target=\"_self\" rel=\"noopener\">Dorsale<\/a>\u00a0\u00bb, ouvrages r\u00e9alis\u00e9s sur les d\u00e9laiss\u00e9s SNCF en tranch\u00e9es couvertes et permettant de basculer l\u2019important trafic routier traversant la Principaut\u00e9 de Monaco en souterrain, et d\u2019y r\u00e9acheminer les principaux r\u00e9seaux de transport des Compagnies Concessionnaires, dont pour les plus importants \u00ab\u00a0<a title=\"undefinedl\u2019Ensemble G\u00a0: Echangeur Aur\u00e9glia\" href=\"http:\/\/jbpastoretfils.mc\/?chantier=car-ensemble-h\" target=\"_self\" rel=\"noopener\">l\u2019Ensemble G\u00a0: Echangeur Aur\u00e9glia<\/a>\u00a0\u00bb, \u00ab\u00a0l\u2019Ensemble A2\u00a0: Galerie Technique Ilot Pasteur \u00bb et \u00ab\u00a0<a title=\"undefinedl\u2019Ensemble H\u00a0: Prince Pierre\" href=\"http:\/\/jbpastoretfils.mc\/?chantier=car-ensemble-g\" target=\"_self\" rel=\"noopener\">l\u2019Ensemble H\u00a0: Prince Pierre<\/a> \u00bb.<\/li>\n<li>La cr\u00e9ation d\u2019un d\u00e9barcad\u00e8re dans le cadre du \u00ab\u00a0R\u00e9am\u00e9nagement du Port de Fontvieille\u00a0\u00bb.<\/li>\n<li>Des op\u00e9rations relatives \u00e0 l\u2019extension des R\u00e9seaux Urbains, dont en particulier le \u00ab\u00a0Local Pompage\u00a0\u00bb et \u00ab\u00a0la Galerie Techniques des salines\u00a0\u00bb.<\/li>\n<li>Les travaux de \u00ab\u00a0R\u00e9seaux Avant-Port\u00a0\u00bb situ\u00e9s aux abords du nouveau <a title=\"Yacht Club de Monaco\" href=\"http:\/\/jbpastoretfils.mc\/?chantier=yacht-club-de-monaco\">Yacht Club de Monaco<\/a>.<\/li>\n<li>Les travaux de R\u00e9am\u00e9nagement du \u00ab\u00a0Quai Albert Premier\u00a0\u00bb, incluant le <a title=\"G\u00e9nie Civil\" href=\"https:\/\/jbpastoretfils.mc\/?page_id=431\">G\u00e9nie Civil<\/a> de renforcement des \u00ab\u00a0Caissons Jarlan\u00a0\u00bb existants, et le \u00ab\u00a0Lot 01 VRD\u00a0\u00bb de r\u00e9am\u00e9nagement de surface.<\/li>\n<li>Les travaux de <a title=\"G\u00e9nie Civil\" href=\"https:\/\/jbpastoretfils.mc\/?page_id=431\">G\u00e9nie Civil<\/a> int\u00e9rieurs de la T\u00eate Aval du <strong>\u00ab\u00a0<a title=\"undefinedTunnel Descendant Ouest de Monaco\" href=\"http:\/\/jbpastoretfils.mc\/?chantier=tunnel-descendant\" target=\"_self\" rel=\"noopener\">Tunnel Descendant Ouest de Monaco<\/a>\u00a0\u00bb<\/strong> destin\u00e9e \u00e0 recevoir les locaux techniques et l\u2019usine de d\u00e9senfumage, ainsi que ceux de la T\u00eate Amont de l&rsquo;ouvrage.<\/li>\n<li>La d\u00e9molition et la reconstruction de la <a title=\"Digue Port de Fontvieille\" href=\"http:\/\/jbpastoretfils.mc\/?chantier=digue-zone-technique-port-de-fontvieille\">Digue du Port de Fontvieille<\/a>.<\/li>\n<li>Le <a href=\"https:\/\/jbpastoretfils.mc\/?chantier=rond-point-du-portier\">Rond-Point<\/a> et <a href=\"https:\/\/jbpastoretfils.mc\/?chantier=parking-public-du-portier\">Parking du Portier<\/a>.<\/li>\n<li><a href=\"https:\/\/jbpastoretfils.mc\/?chantier=complexe-balneaire-du-larvotto\">Complexe Baln\u00e9aire du Larvotto<\/a>.<\/li>\n<\/ul>\n","protected":false},"excerpt":{"rendered":"<p>Entreprise de Travaux Publics \u00e0 Monaco Les Travaux Publics repr\u00e9sentent une part importante de l\u2019activit\u00e9 de la S.A.M. des Entreprises J.B. PASTOR &amp; FILS depuis sa cr\u00e9ation, au travers de&#8230;<\/p>\n","protected":false},"author":1,"featured_media":0,"parent":53,"menu_order":23,"comment_status":"open","ping_status":"closed","template":"template-entreprise.php","meta":{"_acf_changed":false,"footnotes":""},"categories":[],"class_list":["post-397","page","type-page","status-publish","hentry"],"acf":[],"yoast_head":"<!-- This site is optimized with the Yoast SEO plugin v25.5 - https:\/\/yoast.com\/wordpress\/plugins\/seo\/ -->\n<title>Entreprise Travaux publics Monaco, BTP - J.B. PASTOR &amp; FILS<\/title>\n<meta name=\"robots\" content=\"index, follow, max-snippet:-1, max-image-preview:large, max-video-preview:-1\" \/>\n<link rel=\"canonical\" href=\"https:\/\/jbpastoretfils.mc\/?page_id=397\" \/>\n<meta property=\"og:locale\" content=\"fr_FR\" \/>\n<meta property=\"og:type\" content=\"article\" \/>\n<meta property=\"og:title\" content=\"Entreprise Travaux publics Monaco, BTP - J.B. PASTOR &amp; FILS\" \/>\n<meta property=\"og:description\" content=\"Entreprise de Travaux Publics \u00e0 Monaco Les Travaux Publics repr\u00e9sentent une part importante de l\u2019activit\u00e9 de la S.A.M. des Entreprises J.B. PASTOR &amp; FILS depuis sa cr\u00e9ation, au travers de...\" \/>\n<meta property=\"og:url\" content=\"https:\/\/jbpastoretfils.mc\/?page_id=397\" \/>\n<meta property=\"og:site_name\" content=\"JB Pastor &amp; Fils - Monaco\" \/>\n<meta property=\"article:modified_time\" content=\"2023-03-14T07:34:17+00:00\" \/>\n<meta name=\"twitter:label1\" content=\"Dur\u00e9e de lecture estim\u00e9e\" \/>\n\t<meta name=\"twitter:data1\" content=\"2 minutes\" \/>\n<script type=\"application\/ld+json\" class=\"yoast-schema-graph\">{\"@context\":\"https:\/\/schema.org\",\"@graph\":[{\"@type\":\"WebPage\",\"@id\":\"https:\/\/jbpastoretfils.mc\/?page_id=397\",\"url\":\"https:\/\/jbpastoretfils.mc\/?page_id=397\",\"name\":\"Entreprise Travaux publics Monaco, BTP - J.B. PASTOR & FILS\",\"isPartOf\":{\"@id\":\"https:\/\/jbpastoretfils.mc\/#website\"},\"datePublished\":\"2013-12-17T08:39:07+00:00\",\"dateModified\":\"2023-03-14T07:34:17+00:00\",\"breadcrumb\":{\"@id\":\"https:\/\/jbpastoretfils.mc\/?page_id=397#breadcrumb\"},\"inLanguage\":\"fr-FR\",\"potentialAction\":[{\"@type\":\"ReadAction\",\"target\":[\"https:\/\/jbpastoretfils.mc\/?page_id=397\"]}]},{\"@type\":\"BreadcrumbList\",\"@id\":\"https:\/\/jbpastoretfils.mc\/?page_id=397#breadcrumb\",\"itemListElement\":[{\"@type\":\"ListItem\",\"position\":1,\"name\":\"Accueil\",\"item\":\"https:\/\/jbpastoretfils.mc\/\"},{\"@type\":\"ListItem\",\"position\":2,\"name\":\"Nos Entreprises\",\"item\":\"https:\/\/jbpastoretfils.mc\/?page_id=4\"},{\"@type\":\"ListItem\",\"position\":3,\"name\":\"Activit\u00e9s\",\"item\":\"https:\/\/jbpastoretfils.mc\/?page_id=53\"},{\"@type\":\"ListItem\",\"position\":4,\"name\":\"Travaux publics\"}]},{\"@type\":\"WebSite\",\"@id\":\"https:\/\/jbpastoretfils.mc\/#website\",\"url\":\"https:\/\/jbpastoretfils.mc\/\",\"name\":\"JB Pastor &amp; Fils - Monaco\",\"description\":\"Construction Monaco\",\"potentialAction\":[{\"@type\":\"SearchAction\",\"target\":{\"@type\":\"EntryPoint\",\"urlTemplate\":\"https:\/\/jbpastoretfils.mc\/?s={search_term_string}\"},\"query-input\":{\"@type\":\"PropertyValueSpecification\",\"valueRequired\":true,\"valueName\":\"search_term_string\"}}],\"inLanguage\":\"fr-FR\"}]}<\/script>\n<!-- \/ Yoast SEO plugin. -->","yoast_head_json":{"title":"Entreprise Travaux publics Monaco, BTP - J.B. PASTOR & FILS","robots":{"index":"index","follow":"follow","max-snippet":"max-snippet:-1","max-image-preview":"max-image-preview:large","max-video-preview":"max-video-preview:-1"},"canonical":"https:\/\/jbpastoretfils.mc\/?page_id=397","og_locale":"fr_FR","og_type":"article","og_title":"Entreprise Travaux publics Monaco, BTP - J.B. PASTOR & FILS","og_description":"Entreprise de Travaux Publics \u00e0 Monaco Les Travaux Publics repr\u00e9sentent une part importante de l\u2019activit\u00e9 de la S.A.M. des Entreprises J.B. PASTOR &amp; FILS depuis sa cr\u00e9ation, au travers de...","og_url":"https:\/\/jbpastoretfils.mc\/?page_id=397","og_site_name":"JB Pastor &amp; Fils - Monaco","article_modified_time":"2023-03-14T07:34:17+00:00","twitter_misc":{"Dur\u00e9e de lecture estim\u00e9e":"2 minutes"},"schema":{"@context":"https:\/\/schema.org","@graph":[{"@type":"WebPage","@id":"https:\/\/jbpastoretfils.mc\/?page_id=397","url":"https:\/\/jbpastoretfils.mc\/?page_id=397","name":"Entreprise Travaux publics Monaco, BTP - J.B. PASTOR & FILS","isPartOf":{"@id":"https:\/\/jbpastoretfils.mc\/#website"},"datePublished":"2013-12-17T08:39:07+00:00","dateModified":"2023-03-14T07:34:17+00:00","breadcrumb":{"@id":"https:\/\/jbpastoretfils.mc\/?page_id=397#breadcrumb"},"inLanguage":"fr-FR","potentialAction":[{"@type":"ReadAction","target":["https:\/\/jbpastoretfils.mc\/?page_id=397"]}]},{"@type":"BreadcrumbList","@id":"https:\/\/jbpastoretfils.mc\/?page_id=397#breadcrumb","itemListElement":[{"@type":"ListItem","position":1,"name":"Accueil","item":"https:\/\/jbpastoretfils.mc\/"},{"@type":"ListItem","position":2,"name":"Nos Entreprises","item":"https:\/\/jbpastoretfils.mc\/?page_id=4"},{"@type":"ListItem","position":3,"name":"Activit\u00e9s","item":"https:\/\/jbpastoretfils.mc\/?page_id=53"},{"@type":"ListItem","position":4,"name":"Travaux publics"}]},{"@type":"WebSite","@id":"https:\/\/jbpastoretfils.mc\/#website","url":"https:\/\/jbpastoretfils.mc\/","name":"JB Pastor &amp; Fils - Monaco","description":"Construction Monaco","potentialAction":[{"@type":"SearchAction","target":{"@type":"EntryPoint","urlTemplate":"https:\/\/jbpastoretfils.mc\/?s={search_term_string}"},"query-input":{"@type":"PropertyValueSpecification","valueRequired":true,"valueName":"search_term_string"}}],"inLanguage":"fr-FR"}]}},"_links":{"self":[{"href":"https:\/\/jbpastoretfils.mc\/index.php?rest_route=\/wp\/v2\/pages\/397"}],"collection":[{"href":"https:\/\/jbpastoretfils.mc\/index.php?rest_route=\/wp\/v2\/pages"}],"about":[{"href":"https:\/\/jbpastoretfils.mc\/index.php?rest_route=\/wp\/v2\/types\/page"}],"author":[{"embeddable":true,"href":"https:\/\/jbpastoretfils.mc\/index.php?rest_route=\/wp\/v2\/users\/1"}],"replies":[{"embeddable":true,"href":"https:\/\/jbpastoretfils.mc\/index.php?rest_route=%2Fwp%2Fv2%2Fcomments&post=397"}],"version-history":[{"count":4,"href":"https:\/\/jbpastoretfils.mc\/index.php?rest_route=\/wp\/v2\/pages\/397\/revisions"}],"predecessor-version":[{"id":44000,"href":"https:\/\/jbpastoretfils.mc\/index.php?rest_route=\/wp\/v2\/pages\/397\/revisions\/44000"}],"up":[{"embeddable":true,"href":"https:\/\/jbpastoretfils.mc\/index.php?rest_route=\/wp\/v2\/pages\/53"}],"wp:attachment":[{"href":"https:\/\/jbpastoretfils.mc\/index.php?rest_route=%2Fwp%2Fv2%2Fmedia&parent=397"}],"wp:term":[{"taxonomy":"category","embeddable":true,"href":"https:\/\/jbpastoretfils.mc\/index.php?rest_route=%2Fwp%2Fv2%2Fcategories&post=397"}],"curies":[{"name":"wp","href":"https:\/\/api.w.org\/{rel}","templated":true}]}}