{"id":23,"date":"2013-09-04T13:44:34","date_gmt":"2013-09-04T12:44:34","guid":{"rendered":"http:\/\/jbpastoretfils.mc\/?page_id=23"},"modified":"2014-04-04T15:31:49","modified_gmt":"2014-04-04T14:31:49","slug":"qualite","status":"publish","type":"page","link":"https:\/\/jbpastoretfils.mc\/?page_id=23","title":{"rendered":"Qualit\u00e9"},"content":{"rendered":"<h3>Qualit\u00e9<\/h3>\n<p>Le professionnalisme de J.B. PASTOR &amp; FILS est reconnu, forg\u00e9 par plusieurs d\u00e9cennies de r\u00e9alisation d\u2019ouvrages d\u2019exception et de standing en Principaut\u00e9. La renomm\u00e9e de notre Entreprise en mati\u00e8re de Qualit\u00e9 n\u2019est plus \u00e0 faire. Le soin apport\u00e9 aux finitions de nos r\u00e9sidences, notre exigence, le choix des mat\u00e9riaux\u2026 vous assurent une satisfaction totale pour la r\u00e9alisation de l\u2019\u00e9difice qui vous ressemble.<\/p>\n<p>La S.A.M. des Entreprises J.B. PASTOR &amp; FILS poss\u00e8de en interne toutes les comp\u00e9tences pour mener \u00e0 bien tous types de projets immobiliers, quelle que soit la complexit\u00e9 inh\u00e9rente \u00e0 l\u2019emplacement ou \u00e0 la technicit\u00e9 de la construction.<\/p>\n","protected":false},"excerpt":{"rendered":"<p>Qualit\u00e9 Le professionnalisme de J.B. PASTOR &amp; FILS est reconnu, forg\u00e9 par plusieurs d\u00e9cennies de r\u00e9alisation d\u2019ouvrages d\u2019exception et de standing en Principaut\u00e9. La renomm\u00e9e de notre Entreprise en mati\u00e8re&#8230;<\/p>\n","protected":false},"author":1,"featured_media":0,"parent":12,"menu_order":79,"comment_status":"open","ping_status":"closed","template":"template-metiers.php","meta":{"_acf_changed":false,"footnotes":""},"categories":[],"class_list":["post-23","page","type-page","status-publish","hentry"],"acf":[],"yoast_head":"<!-- This site is optimized with the Yoast SEO plugin v25.5 - https:\/\/yoast.com\/wordpress\/plugins\/seo\/ -->\n<title>Qualit\u00e9 - JB Pastor &amp; Fils - Monaco<\/title>\n<meta name=\"robots\" content=\"index, follow, max-snippet:-1, max-image-preview:large, max-video-preview:-1\" \/>\n<link rel=\"canonical\" href=\"https:\/\/jbpastoretfils.mc\/?page_id=23\" \/>\n<meta property=\"og:locale\" content=\"fr_FR\" \/>\n<meta property=\"og:type\" content=\"article\" \/>\n<meta property=\"og:title\" content=\"Qualit\u00e9 - JB Pastor &amp; Fils - Monaco\" \/>\n<meta property=\"og:description\" content=\"Qualit\u00e9 Le professionnalisme de J.B. PASTOR &amp; FILS est reconnu, forg\u00e9 par plusieurs d\u00e9cennies de r\u00e9alisation d\u2019ouvrages d\u2019exception et de standing en Principaut\u00e9. La renomm\u00e9e de notre Entreprise en mati\u00e8re...\" \/>\n<meta property=\"og:url\" content=\"https:\/\/jbpastoretfils.mc\/?page_id=23\" \/>\n<meta property=\"og:site_name\" content=\"JB Pastor &amp; Fils - Monaco\" \/>\n<meta property=\"article:modified_time\" content=\"2014-04-04T14:31:49+00:00\" \/>\n<meta name=\"twitter:label1\" content=\"Dur\u00e9e de lecture estim\u00e9e\" \/>\n\t<meta name=\"twitter:data1\" content=\"1 minute\" \/>\n<script type=\"application\/ld+json\" class=\"yoast-schema-graph\">{\"@context\":\"https:\/\/schema.org\",\"@graph\":[{\"@type\":\"WebPage\",\"@id\":\"https:\/\/jbpastoretfils.mc\/?page_id=23\",\"url\":\"https:\/\/jbpastoretfils.mc\/?page_id=23\",\"name\":\"Qualit\u00e9 - JB Pastor &amp; Fils - Monaco\",\"isPartOf\":{\"@id\":\"https:\/\/jbpastoretfils.mc\/#website\"},\"datePublished\":\"2013-09-04T12:44:34+00:00\",\"dateModified\":\"2014-04-04T14:31:49+00:00\",\"breadcrumb\":{\"@id\":\"https:\/\/jbpastoretfils.mc\/?page_id=23#breadcrumb\"},\"inLanguage\":\"fr-FR\",\"potentialAction\":[{\"@type\":\"ReadAction\",\"target\":[\"https:\/\/jbpastoretfils.mc\/?page_id=23\"]}]},{\"@type\":\"BreadcrumbList\",\"@id\":\"https:\/\/jbpastoretfils.mc\/?page_id=23#breadcrumb\",\"itemListElement\":[{\"@type\":\"ListItem\",\"position\":1,\"name\":\"Accueil\",\"item\":\"https:\/\/jbpastoretfils.mc\/\"},{\"@type\":\"ListItem\",\"position\":2,\"name\":\"Engagements\",\"item\":\"https:\/\/jbpastoretfils.mc\/?page_id=12\"},{\"@type\":\"ListItem\",\"position\":3,\"name\":\"Qualit\u00e9\"}]},{\"@type\":\"WebSite\",\"@id\":\"https:\/\/jbpastoretfils.mc\/#website\",\"url\":\"https:\/\/jbpastoretfils.mc\/\",\"name\":\"JB Pastor &amp; Fils - Monaco\",\"description\":\"Construction Monaco\",\"potentialAction\":[{\"@type\":\"SearchAction\",\"target\":{\"@type\":\"EntryPoint\",\"urlTemplate\":\"https:\/\/jbpastoretfils.mc\/?s={search_term_string}\"},\"query-input\":{\"@type\":\"PropertyValueSpecification\",\"valueRequired\":true,\"valueName\":\"search_term_string\"}}],\"inLanguage\":\"fr-FR\"}]}<\/script>\n<!-- \/ Yoast SEO plugin. -->","yoast_head_json":{"title":"Qualit\u00e9 - JB Pastor &amp; Fils - Monaco","robots":{"index":"index","follow":"follow","max-snippet":"max-snippet:-1","max-image-preview":"max-image-preview:large","max-video-preview":"max-video-preview:-1"},"canonical":"https:\/\/jbpastoretfils.mc\/?page_id=23","og_locale":"fr_FR","og_type":"article","og_title":"Qualit\u00e9 - JB Pastor &amp; Fils - Monaco","og_description":"Qualit\u00e9 Le professionnalisme de J.B. PASTOR &amp; FILS est reconnu, forg\u00e9 par plusieurs d\u00e9cennies de r\u00e9alisation d\u2019ouvrages d\u2019exception et de standing en Principaut\u00e9. La renomm\u00e9e de notre Entreprise en mati\u00e8re...","og_url":"https:\/\/jbpastoretfils.mc\/?page_id=23","og_site_name":"JB Pastor &amp; Fils - Monaco","article_modified_time":"2014-04-04T14:31:49+00:00","twitter_misc":{"Dur\u00e9e de lecture estim\u00e9e":"1 minute"},"schema":{"@context":"https:\/\/schema.org","@graph":[{"@type":"WebPage","@id":"https:\/\/jbpastoretfils.mc\/?page_id=23","url":"https:\/\/jbpastoretfils.mc\/?page_id=23","name":"Qualit\u00e9 - JB Pastor &amp; Fils - Monaco","isPartOf":{"@id":"https:\/\/jbpastoretfils.mc\/#website"},"datePublished":"2013-09-04T12:44:34+00:00","dateModified":"2014-04-04T14:31:49+00:00","breadcrumb":{"@id":"https:\/\/jbpastoretfils.mc\/?page_id=23#breadcrumb"},"inLanguage":"fr-FR","potentialAction":[{"@type":"ReadAction","target":["https:\/\/jbpastoretfils.mc\/?page_id=23"]}]},{"@type":"BreadcrumbList","@id":"https:\/\/jbpastoretfils.mc\/?page_id=23#breadcrumb","itemListElement":[{"@type":"ListItem","position":1,"name":"Accueil","item":"https:\/\/jbpastoretfils.mc\/"},{"@type":"ListItem","position":2,"name":"Engagements","item":"https:\/\/jbpastoretfils.mc\/?page_id=12"},{"@type":"ListItem","position":3,"name":"Qualit\u00e9"}]},{"@type":"WebSite","@id":"https:\/\/jbpastoretfils.mc\/#website","url":"https:\/\/jbpastoretfils.mc\/","name":"JB Pastor &amp; Fils - Monaco","description":"Construction Monaco","potentialAction":[{"@type":"SearchAction","target":{"@type":"EntryPoint","urlTemplate":"https:\/\/jbpastoretfils.mc\/?s={search_term_string}"},"query-input":{"@type":"PropertyValueSpecification","valueRequired":true,"valueName":"search_term_string"}}],"inLanguage":"fr-FR"}]}},"_links":{"self":[{"href":"https:\/\/jbpastoretfils.mc\/index.php?rest_route=\/wp\/v2\/pages\/23"}],"collection":[{"href":"https:\/\/jbpastoretfils.mc\/index.php?rest_route=\/wp\/v2\/pages"}],"about":[{"href":"https:\/\/jbpastoretfils.mc\/index.php?rest_route=\/wp\/v2\/types\/page"}],"author":[{"embeddable":true,"href":"https:\/\/jbpastoretfils.mc\/index.php?rest_route=\/wp\/v2\/users\/1"}],"replies":[{"embeddable":true,"href":"https:\/\/jbpastoretfils.mc\/index.php?rest_route=%2Fwp%2Fv2%2Fcomments&post=23"}],"version-history":[{"count":0,"href":"https:\/\/jbpastoretfils.mc\/index.php?rest_route=\/wp\/v2\/pages\/23\/revisions"}],"up":[{"embeddable":true,"href":"https:\/\/jbpastoretfils.mc\/index.php?rest_route=\/wp\/v2\/pages\/12"}],"wp:attachment":[{"href":"https:\/\/jbpastoretfils.mc\/index.php?rest_route=%2Fwp%2Fv2%2Fmedia&parent=23"}],"wp:term":[{"taxonomy":"category","embeddable":true,"href":"https:\/\/jbpastoretfils.mc\/index.php?rest_route=%2Fwp%2Fv2%2Fcategories&post=23"}],"curies":[{"name":"wp","href":"https:\/\/api.w.org\/{rel}","templated":true}]}}