{"id":12155,"date":"2016-10-13T09:45:48","date_gmt":"2016-10-13T08:45:48","guid":{"rendered":"http:\/\/jbpastoretfils.mc\/?page_id=12155"},"modified":"2023-03-23T14:44:40","modified_gmt":"2023-03-23T13:44:40","slug":"travaux-maritimes-et-sous-marins","status":"publish","type":"page","link":"https:\/\/jbpastoretfils.mc\/?page_id=12155","title":{"rendered":"Travaux maritimes et sous-marins"},"content":{"rendered":"<h1 style=\"text-align: left;\"><span style=\"font-size: 12pt;\">Travaux maritimes et sous-marins \u00e0 Monaco<\/span><\/h1>\n<p>Gr\u00e2ce \u00e0 la grande exp\u00e9rience dans les activit\u00e9s des Travaux maritimes et sous-marins de la S.A.M.\u00a0<strong>TRASOMAR<\/strong>, qui a rejoint en 2016 la S.A.M. des ENTREPRISES J.B. PASTOR &amp; FILS, nous pouvons d\u00e9sormais faire b\u00e9n\u00e9ficier nos Clients de notre expertise en la mati\u00e8re et mener tous types d\u2019intervention en mer ou dans les ports.<\/p>\n<p>Nos champs possibles d\u2019action sont les suivants\u00a0:<\/p>\n<p><u>TRAVAUX MARITIMES<\/u>\u00a0:<\/p>\n<p>&#8211; Installation et entretiens d&rsquo;\u00e9missaires.<br \/>\n&#8211;\u00a0<a href=\"http:\/\/www.trasomar.mc\/\">Pose de tubes g\u00e9otextiles.<\/a><br \/>\n&#8211; R\u00e9alisation de digues en enrochements.<br \/>\n&#8211; Pose d&rsquo;\u00e9l\u00e9ments pr\u00e9fabriqu\u00e9s, t\u00e9trapodes, acropodes.<br \/>\n&#8211; Pompage, rechargement en sable.<br \/>\n&#8211; D\u00e9roctage depuis ponton.<br \/>\n&#8211; D\u00e9roctage sous-marins.<br \/>\n&#8211; Dragage.<\/p>\n<p><u>TRAVAUX SOUS-MARINS<\/u>\u00a0:<\/p>\n<p>&#8211; Coffrage \/ B\u00e9tonnage.<br \/>\n&#8211; R\u00e9alisation et entretien de balisages maritimes.<br \/>\n&#8211; R\u00e9alisation de plateformes ballast.<br \/>\n&#8211; D\u00e9coupage.<br \/>\n&#8211; Inspections et expertises d&rsquo;ouvrages.<br \/>\n&#8211; Soudure.<br \/>\n&#8211; Travaux sp\u00e9ciaux.<\/p>\n<p><u>TRAVAUX PORTUAIRES<\/u>\u00a0:<\/p>\n<p>&#8211; D\u00e9pose et \u00e9vacuation d&rsquo;\u00e9l\u00e9ments pr\u00e9fabriqu\u00e9s jusqu&rsquo;\u00e0 70 tonnes.<br \/>\n&#8211; Pr\u00e9fabrication et pose de corps-morts.<br \/>\n&#8211; R\u00e9alisation et modifications de mouillages.<br \/>\n&#8211; Battage de pieux.<br \/>\n&#8211; R\u00e9alisation de quais (palplanches, quais poids, murs en L).<br \/>\n&#8211; Reprise en sous-\u0153uvre de quais.<br \/>\n&#8211; Percolation terrestre et sous-marine.<br \/>\n&#8211; Pose d&rsquo;appontements aluminium et b\u00e9ton.<\/p>\n<p>&nbsp;<\/p>\n<p>TRASOMAR depuis sa cr\u00e9ation, il y a plus de vingt ans, en Principaut\u00e9\u00a0a r\u00e9alis\u00e9 de grands chantiers, parmi lesquels :<\/p>\n<p>&#8211; Pose de l&rsquo;extension d&rsquo;une conduite en mer en PEHD, 1 400 ml de long et 1 600 mm de diam\u00e8tre, pour le Gouvernement Princier.<br \/>\n&#8211; Am\u00e9nagement du Stade nautique du Roucas Blanc \u00e0 Marseille afin d&rsquo;accueillir les \u00e9preuves pour les JO 2024.<br \/>\n&#8211; Pose enrochements pour l&rsquo;assise des caissons de l&rsquo;extension en mer \u00e0 Monaco.<br \/>\n&#8211; Pose d&rsquo;un att\u00e9nuateur de houle en tubes g\u00e9otextiles pour les plages du Larvotto \u00e0 Monaco.<br \/>\n&#8211; R\u00e9alisation de mouillages pour de la grande plaisance.<br \/>\n&#8211; Installation d&rsquo;une zone de mouillages l\u00e9gers dans la Baie de Villefranche-sur-mer.<br \/>\n&#8211; Pose de conduites en \u00e2me t\u00f4le d&rsquo;un diam\u00e8tre de 2 500 mm \u00e0 Monaco.<br \/>\n&#8211; Construction d&rsquo;une digue sous-marine par voie maritime \u00e0 Roquebrune-Cap-Martin.<\/p>\n","protected":false},"excerpt":{"rendered":"<p>Travaux maritimes et sous-marins \u00e0 Monaco Gr\u00e2ce \u00e0 la grande exp\u00e9rience dans les activit\u00e9s des Travaux maritimes et sous-marins de la S.A.M.\u00a0TRASOMAR, qui a rejoint en 2016 la S.A.M. des&#8230;<\/p>\n","protected":false},"author":2,"featured_media":0,"parent":49,"menu_order":85,"comment_status":"open","ping_status":"closed","template":"template-metiers.php","meta":{"_acf_changed":false,"footnotes":""},"categories":[],"class_list":["post-12155","page","type-page","status-publish","hentry"],"acf":[],"yoast_head":"<!-- This site is optimized with the Yoast SEO plugin v25.5 - https:\/\/yoast.com\/wordpress\/plugins\/seo\/ -->\n<title>Travaux maritimes et Sous Marins Monaco, Trasomar - JB Pastor et Fils<\/title>\n<meta name=\"robots\" content=\"index, follow, max-snippet:-1, max-image-preview:large, max-video-preview:-1\" \/>\n<link rel=\"canonical\" href=\"https:\/\/jbpastoretfils.mc\/?page_id=12155\" \/>\n<meta property=\"og:locale\" content=\"fr_FR\" \/>\n<meta property=\"og:type\" content=\"article\" \/>\n<meta property=\"og:title\" content=\"Travaux maritimes et Sous Marins Monaco, Trasomar - JB Pastor et Fils\" \/>\n<meta property=\"og:description\" content=\"Travaux maritimes et sous-marins \u00e0 Monaco Gr\u00e2ce \u00e0 la grande exp\u00e9rience dans les activit\u00e9s des Travaux maritimes et sous-marins de la S.A.M.\u00a0TRASOMAR, qui a rejoint en 2016 la S.A.M. des...\" \/>\n<meta property=\"og:url\" content=\"https:\/\/jbpastoretfils.mc\/?page_id=12155\" \/>\n<meta property=\"og:site_name\" content=\"JB Pastor &amp; Fils - Monaco\" \/>\n<meta property=\"article:modified_time\" content=\"2023-03-23T13:44:40+00:00\" \/>\n<meta name=\"twitter:label1\" content=\"Dur\u00e9e de lecture estim\u00e9e\" \/>\n\t<meta name=\"twitter:data1\" content=\"2 minutes\" \/>\n<script type=\"application\/ld+json\" class=\"yoast-schema-graph\">{\"@context\":\"https:\/\/schema.org\",\"@graph\":[{\"@type\":\"WebPage\",\"@id\":\"https:\/\/jbpastoretfils.mc\/?page_id=12155\",\"url\":\"https:\/\/jbpastoretfils.mc\/?page_id=12155\",\"name\":\"Travaux maritimes et Sous Marins Monaco, Trasomar - JB Pastor et Fils\",\"isPartOf\":{\"@id\":\"https:\/\/jbpastoretfils.mc\/#website\"},\"datePublished\":\"2016-10-13T08:45:48+00:00\",\"dateModified\":\"2023-03-23T13:44:40+00:00\",\"breadcrumb\":{\"@id\":\"https:\/\/jbpastoretfils.mc\/?page_id=12155#breadcrumb\"},\"inLanguage\":\"fr-FR\",\"potentialAction\":[{\"@type\":\"ReadAction\",\"target\":[\"https:\/\/jbpastoretfils.mc\/?page_id=12155\"]}]},{\"@type\":\"BreadcrumbList\",\"@id\":\"https:\/\/jbpastoretfils.mc\/?page_id=12155#breadcrumb\",\"itemListElement\":[{\"@type\":\"ListItem\",\"position\":1,\"name\":\"Accueil\",\"item\":\"https:\/\/jbpastoretfils.mc\/\"},{\"@type\":\"ListItem\",\"position\":2,\"name\":\"M\u00e9tiers\",\"item\":\"https:\/\/jbpastoretfils.mc\/?page_id=8\"},{\"@type\":\"ListItem\",\"position\":3,\"name\":\"Entreprise g\u00e9n\u00e9rale\",\"item\":\"https:\/\/jbpastoretfils.mc\/?page_id=49\"},{\"@type\":\"ListItem\",\"position\":4,\"name\":\"Travaux maritimes et sous-marins\"}]},{\"@type\":\"WebSite\",\"@id\":\"https:\/\/jbpastoretfils.mc\/#website\",\"url\":\"https:\/\/jbpastoretfils.mc\/\",\"name\":\"JB Pastor &amp; Fils - Monaco\",\"description\":\"Construction Monaco\",\"potentialAction\":[{\"@type\":\"SearchAction\",\"target\":{\"@type\":\"EntryPoint\",\"urlTemplate\":\"https:\/\/jbpastoretfils.mc\/?s={search_term_string}\"},\"query-input\":{\"@type\":\"PropertyValueSpecification\",\"valueRequired\":true,\"valueName\":\"search_term_string\"}}],\"inLanguage\":\"fr-FR\"}]}<\/script>\n<!-- \/ Yoast SEO plugin. -->","yoast_head_json":{"title":"Travaux maritimes et Sous Marins Monaco, Trasomar - JB Pastor et Fils","robots":{"index":"index","follow":"follow","max-snippet":"max-snippet:-1","max-image-preview":"max-image-preview:large","max-video-preview":"max-video-preview:-1"},"canonical":"https:\/\/jbpastoretfils.mc\/?page_id=12155","og_locale":"fr_FR","og_type":"article","og_title":"Travaux maritimes et Sous Marins Monaco, Trasomar - JB Pastor et Fils","og_description":"Travaux maritimes et sous-marins \u00e0 Monaco Gr\u00e2ce \u00e0 la grande exp\u00e9rience dans les activit\u00e9s des Travaux maritimes et sous-marins de la S.A.M.\u00a0TRASOMAR, qui a rejoint en 2016 la S.A.M. des...","og_url":"https:\/\/jbpastoretfils.mc\/?page_id=12155","og_site_name":"JB Pastor &amp; Fils - Monaco","article_modified_time":"2023-03-23T13:44:40+00:00","twitter_misc":{"Dur\u00e9e de lecture estim\u00e9e":"2 minutes"},"schema":{"@context":"https:\/\/schema.org","@graph":[{"@type":"WebPage","@id":"https:\/\/jbpastoretfils.mc\/?page_id=12155","url":"https:\/\/jbpastoretfils.mc\/?page_id=12155","name":"Travaux maritimes et Sous Marins Monaco, Trasomar - JB Pastor et Fils","isPartOf":{"@id":"https:\/\/jbpastoretfils.mc\/#website"},"datePublished":"2016-10-13T08:45:48+00:00","dateModified":"2023-03-23T13:44:40+00:00","breadcrumb":{"@id":"https:\/\/jbpastoretfils.mc\/?page_id=12155#breadcrumb"},"inLanguage":"fr-FR","potentialAction":[{"@type":"ReadAction","target":["https:\/\/jbpastoretfils.mc\/?page_id=12155"]}]},{"@type":"BreadcrumbList","@id":"https:\/\/jbpastoretfils.mc\/?page_id=12155#breadcrumb","itemListElement":[{"@type":"ListItem","position":1,"name":"Accueil","item":"https:\/\/jbpastoretfils.mc\/"},{"@type":"ListItem","position":2,"name":"M\u00e9tiers","item":"https:\/\/jbpastoretfils.mc\/?page_id=8"},{"@type":"ListItem","position":3,"name":"Entreprise g\u00e9n\u00e9rale","item":"https:\/\/jbpastoretfils.mc\/?page_id=49"},{"@type":"ListItem","position":4,"name":"Travaux maritimes et sous-marins"}]},{"@type":"WebSite","@id":"https:\/\/jbpastoretfils.mc\/#website","url":"https:\/\/jbpastoretfils.mc\/","name":"JB Pastor &amp; Fils - Monaco","description":"Construction Monaco","potentialAction":[{"@type":"SearchAction","target":{"@type":"EntryPoint","urlTemplate":"https:\/\/jbpastoretfils.mc\/?s={search_term_string}"},"query-input":{"@type":"PropertyValueSpecification","valueRequired":true,"valueName":"search_term_string"}}],"inLanguage":"fr-FR"}]}},"_links":{"self":[{"href":"https:\/\/jbpastoretfils.mc\/index.php?rest_route=\/wp\/v2\/pages\/12155"}],"collection":[{"href":"https:\/\/jbpastoretfils.mc\/index.php?rest_route=\/wp\/v2\/pages"}],"about":[{"href":"https:\/\/jbpastoretfils.mc\/index.php?rest_route=\/wp\/v2\/types\/page"}],"author":[{"embeddable":true,"href":"https:\/\/jbpastoretfils.mc\/index.php?rest_route=\/wp\/v2\/users\/2"}],"replies":[{"embeddable":true,"href":"https:\/\/jbpastoretfils.mc\/index.php?rest_route=%2Fwp%2Fv2%2Fcomments&post=12155"}],"version-history":[{"count":5,"href":"https:\/\/jbpastoretfils.mc\/index.php?rest_route=\/wp\/v2\/pages\/12155\/revisions"}],"predecessor-version":[{"id":44114,"href":"https:\/\/jbpastoretfils.mc\/index.php?rest_route=\/wp\/v2\/pages\/12155\/revisions\/44114"}],"up":[{"embeddable":true,"href":"https:\/\/jbpastoretfils.mc\/index.php?rest_route=\/wp\/v2\/pages\/49"}],"wp:attachment":[{"href":"https:\/\/jbpastoretfils.mc\/index.php?rest_route=%2Fwp%2Fv2%2Fmedia&parent=12155"}],"wp:term":[{"taxonomy":"category","embeddable":true,"href":"https:\/\/jbpastoretfils.mc\/index.php?rest_route=%2Fwp%2Fv2%2Fcategories&post=12155"}],"curies":[{"name":"wp","href":"https:\/\/api.w.org\/{rel}","templated":true}]}}